ctors of 186666?
2, 3, 53, 587
What are the prime factors of 2797998?
2, 3, 7, 31, 307
What are the prime factors of 12230526?
2, 3, 7, 11, 23, 1151
What are the prime factors of 2305441?
19, 71, 1709
What are the prime factors of 1064749?
7, 37, 4111
List the prime factors of 11547856.
2, 127, 5683
What are the prime factors of 45550?
2, 5, 911
What are the prime factors of 1025552?
2, 11, 5827
What are the prime factors of 393690?
2, 3, 5, 11, 1193
List the prime factors of 15581557.
23, 677459
List the prime factors of 1760236.
2, 19, 23, 53
List the prime factors of 8686609.
17, 227, 2251
List the prime factors of 8419698.
2, 3, 7, 19, 3517
List the prime factors of 35807965.
5, 41, 174673
List the prime factors of 382578.
2, 3, 7, 9109
What are the prime factors of 125470?
2, 5, 12547
List the prime factors of 3578640.
2, 3, 5, 13, 31, 37
What are the prime factors of 22660?
2, 5, 11, 103
What are the prime factors of 15381863?
7, 2197409
What are the prime factors of 175715?
5, 113, 311
What are the prime factors of 4600702?
2, 59, 127, 307
What are the prime factors of 201678?
2, 3, 33613
List the prime factors of 2921309.
109, 26801
What are the prime factors of 3075713?
3075713
List the prime factors of 4750741.
19, 61, 4099
What are the prime factors of 1846060?
2, 5, 241, 383
List the prime factors of 14434662.
2, 3, 11, 23, 37, 257
What are the prime factors of 13500600?
2, 3, 5, 22501
What are the prime factors of 7349018?
2, 163, 22543
List the prime factors of 22847858.
2, 11, 1038539
List the prime factors of 239755.
5, 47951
What are the prime factors of 5803318?
2, 229, 12671
List the prime factors of 718586.
2, 11, 89, 367
What are the prime factors of 595499?
89, 6691
List the prime factors of 21173932.
2, 13, 407191
List the prime factors of 25673.
25673
List the prime factors of 45908.
2, 23, 499
List the prime factors of 159112.
2, 19889
What are the prime factors of 233369?
109, 2141
What are the prime factors of 5314145?
5, 97, 10957
List the prime factors of 4425292.
2, 23, 103, 467
List the prime factors of 22250342.
2, 11125171
List the prime factors of 12800301.
3, 61, 113, 619
What are the prime factors of 4002206?
2, 13, 59, 2609
What are the prime factors of 569327?
11, 73, 709
What are the prime factors of 448723?
11, 19, 113
What are the prime factors of 1070983?
17, 73, 863
List the prime factors of 1102439.
13, 137, 619
What are the prime factors of 32517?
3, 3613
List the prime factors of 15161319.
3, 1684591
What are the prime factors of 473034?
2, 3, 78839
What are the prime factors of 9004870?
2, 5, 7, 197, 653
List the prime factors of 607781.
89, 6829
List the prime factors of 3489462.
2, 3, 193859
List the prime factors of 15583189.
101, 277, 557
What are the prime factors of 102672?
2, 3, 23, 31
List the prime factors of 1436894.
2, 19, 37813
List the prime factors of 6957792.
2, 3, 8053
List the prime factors of 58474.
2, 13, 173
List the prime factors of 9702219.
3, 43, 75211
What are the prime factors of 1721896?
2, 11, 17, 1151
List the prime factors of 510718.
2, 13, 1511
List the prime factors of 12667685.
5, 31, 81727
List the prime factors of 8555786.
2, 47, 91019
What are the prime factors of 959358?
2, 3, 127, 1259
What are the prime factors of 87556?
2, 7, 53, 59
What are the prime factors of 2917278?
2, 3, 7, 13, 137
What are the prime factors of 309954?
2, 3, 51659
What are the prime factors of 297214?
2, 173, 859
What are the prime factors of 772889?
13, 59453
What are the prime factors of 29776600?
2, 5, 7, 21269
What are the prime factors of 26022?
2, 3, 4337
List the prime factors of 285713.
47, 6079
What are the prime factors of 277295?
5, 31, 1789
List the prime factors of 4086986.
2, 79, 25867
What are the prime factors of 481751?
481751
List the prime factors of 15728699.
7, 269, 8353
List the prime factors of 1668095.
5, 11, 13, 2333
List the prime factors of 287118.
2, 3, 13, 409
List the prime factors of 203588.
2, 7, 11, 661
What are the prime factors of 2906151?
3, 47, 20611
What are the prime factors of 2201988?
2, 3, 183499
List the prime factors of 727079.
727079
List the prime factors of 5792659.
43, 107, 1259
List the prime factors of 9081793.
7, 1297399
What are the prime factors of 23412?
2, 3, 1951
List the prime factors of 25705788.
2, 3, 2142149
What are the prime factors of 15113239?
15113239
List the prime factors of 3841395.
3, 5, 256093
What are the prime factors of 242118?
2, 3, 13451
List the prime factors of 462594.
2, 3, 11, 43, 163
What are the prime factors of 11241455?
5, 2248291
What are the prime factors of 30823071?
3, 10274357
List the prime factors of 383041.
383041
List the prime factors of 2283655.
5, 11, 41521
List the prime factors of 4934003.
71, 69493
List the prime factors of 3791584.
2, 47, 2521
List the prime factors of 10066924.
2, 7, 17, 21149
List the prime factors of 6592282.
2, 709, 4649
List the prime factors of 400804.
2, 97, 1033
What are the prime factors of 1260030?
2, 3, 5, 97, 433
List the prime factors of 437331.
3, 145777
List the prime factors of 197632.
2, 193
What are the prime factors of 21995610?
2, 3, 5, 7, 13, 1151
List the prime factors of 2057390.
2, 5, 233, 883
List the prime factors of 603116.
2, 150779
List the prime factors of 2440613.
7, 151, 2309
What are the prime factors of 12549900?
2, 3, 5, 11, 3803
List the prime factors of 463183.
7, 66169
What are the prime factors of 22906?
2, 13, 881
List the prime factors of 18332303.
11, 47, 59, 601
List the prime factors of 260870.
2, 5, 19, 1373
What are the prime factors of 563131?
563131
What are the prime factors of 719991?
3, 79999
What are the prime factors of 9726877?
61, 159457
List the prime factors of 532497.
3, 7, 25357
What are the prime factors of 178731?
3, 7, 2837
What are the prime factors of 2082260?
2, 5, 104113
List the prime factors of 6160237.
19, 324223
List the prime factors of 1996569.
3, 157
What are the prime factors of 444713?
444713
List the prime factors of 2024252.
2, 41, 12343
List the prime factors of 223520.
2, 5, 11, 127
What are the prime factors of 661454?
2, 163, 2029
List the prime factors of 2882176.
2, 11, 23, 89
List the prime factors of 1880309.
1880309
List the prime factors of 13457537.
29, 83, 5591
List the prime factors of 21511113.
3, 13, 283, 1949
List the prime factors of 1588347.
3, 31, 5693
What are the prime factors of 34392999?
3, 97, 118189
List the prime factors of 2012858.
2, 239, 4211
List the prime factors of 5324179.
7, 17, 44741
List the prime factors of 1684368.
2, 3, 7, 557
List the prime factors of 2902096.
2, 31, 5851
What are the prime factors of 1752523?
31, 56533
What are the prime factors of 37407?
3, 37, 337
What are the prime factors of 497457?
3, 31, 1783
List the prime factors of 33780.
2, 3, 5, 563
What are the prime factors of 1753200?
2, 3, 5, 487
What are the prime factors of 1879509?
3, 101, 6203
What are the prime factors of 2614584?
2, 3, 7, 79, 197
List the prime factors of 309827.
7, 6323
List the prime factors of 755791.
755791
List the prime factors of 111223.
7, 15889
List the prime factors of 183706.
2, 31, 2963
List the prime factors of 33771251.
33771251
List the prime factors of 1696492.
2, 7, 60589
What are the prime factors of 5676067?
5676067
List the prime factors of 22989246.
2, 3, 7, 547363
List the prime factors of 949631.
949631
List the prime factors of 26170853.
26170853
List the prime factors of 676766.
2, 338383
What are the prime factors of 632148?
2, 3, 11, 4789
What are the prime factors of 6211639?
7, 887377
What are the prime factors of 176634?
2, 3, 3271
What are the prime factors of 2495833?
2495833
What are the prime factors of 82431?
3, 43, 71
What are the prime factors of 20185?
5, 11, 367
What are the prime factors of 1840070?
2, 5, 184007
What are the prime factors of 180150?
2, 3, 5, 1201
What are the prime factors of 894529?
43, 71, 293
List the prime factors of 809414.
2, 101, 4007
What are the prime factors of 724103?
359, 2017
List the prime factors of 179483.
179483
List the prime factors of 2675945.
5, 47, 59, 193
List the prime factors of 2389818.
2, 3, 398303
What are the prime factors of 15096080?
2, 5, 188701
What are the prime factors of 77